{"id":240,"date":"2018-03-09T15:57:56","date_gmt":"2018-03-09T15:57:56","guid":{"rendered":"https:\/\/mueller-bestattung.at\/?page_id=240"},"modified":"2026-02-16T14:39:16","modified_gmt":"2026-02-16T14:39:16","slug":"impressum","status":"publish","type":"page","link":"https:\/\/mueller-bestattung.at\/index.php\/impressum\/","title":{"rendered":"Impressum"},"content":{"rendered":"<p><strong>Offenlegung f\u00fcr Bestattung Mag. Martin M&uuml;ller\u00a0gem\u00e4\u00df \u00a7 25 Mediengesetz<\/strong><\/p>\n<p><strong>Verantwortliche &amp; Ansprechpersonen<\/strong><br \/>\nMag. Martin M\u00fcller<br \/>\nBestattung und mehr Mag. M\u00dcLLER<br \/>\nA-6020 Innsbruck, Amraser Stra\u00dfe 99<br \/>\nTel.: +43 &#8211; (0)512 &#8211; 56 30 52<br \/>\nFax: +43 &#8211; (0)512 &#8211; 219 1000 09<br \/>\n<a title=\"Kontaktformular Mag. Martin M\u00fcller\" href=\"index.php\/kontakt\" target=\"_self\">Kontaktformular<\/a><\/p>\n<p><strong>Technik<\/strong><br \/>\nMag. Martin M\u00fcller<br \/>\nA-6020 Innsbruck, Amraser Stra\u00dfe 99<br \/>\nmueller@bestattungundmehr.at<br \/>\n+43 &#8211; (0)512 &#8211; 56 30 52<\/p>\n<p><strong>Angaben lt. Mediengesetz \u00a7 24 (Impressum)<\/strong><br \/>\nVerlagsort: Innsbruck<br \/>\nHerstellungsort: Innsbruck<\/p>\n<p>Redaktion, Herausgeber und Medieninhaber:<br \/>\nBestattung und mehr Mag. M\u00dcLLER<br \/>\nA-6020 Innsbruck, Amraser Stra\u00dfe 99<\/p>\n<p><strong>Angaben lt. Mediengesetz \u00a7 25 (Offenlegung)<\/strong><br \/>\nMedieninhaber:<br \/>\nBestattung und mehr Mag. M\u00dcLLER<br \/>\nA-6020 Innsbruck, Amraser Stra\u00dfe 99<\/p>\n<p>Beh\u00f6rde gem. ECG: Bezirksgericht Innsbruck<\/p>\n<div align=justify>\n<strong>Unternehmensgegenstand<\/strong>:<br \/>\nBestattungsunternehmen, Trauerhilfe, Trauerbegleitung, moderne Verstorbenenversorgung (Thanatopraxie), Abschied nehmen, individuelle Trauerfeiern und Rituale, Begleitung von Trauergruppen, Seminare, Workshops, Trauerforum<br \/>\nGesch\u00e4ftsinhaber: Mag. Martin M\u00fcller<\/p>\n<p><b>Erkl\u00e4rung zur Informationspflicht (Datenschutzerkl\u00e4rung)<\/b><br \/>\nDer Schutz Ihrer pers\u00f6nlichen Daten ist uns ein besonderes Anliegen. Wir verarbeiten Ihre Daten daher ausschlie\u00dflich auf Grundlage der gesetzlichen Bestimmungen (DSGVO, TKG 2003). Nachfolgend informieren wir Sie \u00fcber die wichtigsten Aspekte der Datenverarbeitung im Rahmen unserer Website:<\/p>\n<li>Kontakt mit uns<br \/>\nWenn Sie per Formular auf der Website oder per E-Mail Kontakt mit uns aufnehmen, werden Ihre angegebenen Daten zwecks Bearbeitung der Anfrage und f\u00fcr den Fall von Anschlussfragen sechs Monate bei uns gespeichert. Diese Daten geben wir nicht ohne Ihre Einwilligung weiter.<\/p>\n<li>Web-Analyse und Cookies<br \/>\nDiese Website verwendet keine Cookies und bedient sich auch keines Webanalysedienstes.<\/p>\n<li>Ihre Rechte<br \/>\nIhnen stehen grunds\u00e4tzlich die Rechte auf Auskunft, Berichtigung, L\u00f6schung, Einschr\u00e4nkung, Daten\u00fcbertragbarkeit, Widerruf und Widerspruch zu.Sie erreichen uns unter den oben angegebenen Kontaktdaten.<br \/>\nWenn Sie glauben, dass die Verarbeitung Ihrer Daten gegen das Datenschutzrecht verst\u00f6\u00dft oder Ihre datenschutzrechtlichen Anspr\u00fcche sonst in einer Weise verletzt worden sind, k\u00f6nnen Sie sich bei der Aufsichtsbeh\u00f6rde beschweren. In \u00d6sterreich ist dies die Datenschutzbeh\u00f6rde.<\/p>\n<p><strong>Urheberrecht (Copyright)<\/strong><br \/>\nUrheberrecht (Copyright) Inhalt, Design, Layout, Quellcode, Name und Logo Bestattungundmehr unterliegen dem Urheberrecht und sind urheberrechtlich gesch\u00fctzt. Eine Verwendung ist &#8211; wenn nicht ausdr\u00fccklich anders angegeben &#8211; f\u00fcr nichtkommerzielle Zwecke gegeben.<br \/>\nEin Einsatz unter kommerziellen Bedingungen bedarf der ausdr\u00fccklichen Genehmigung des Webseiteninhabers\/Autors. Dies betrifft sowohl Dokumente im Ganzen wie auch Teile oder Ausz\u00fcge davon. Jede Kopie des Dokuments oder\/und Teil davon muss eine urheberrechtliche Erkl\u00e4rung, die Quellenangabe sowie &#8211; wenn vorhanden &#8211; das urheberrechtliche Schutzzeichen des Autors enthalten. \u00c4nderungen am Dokument wie auch Teile davon bed\u00fcrfen der ausdr\u00fccklichen Genehmigung des Autors. Der Autor beh\u00e4lt sich das Recht vor, erteilte Genehmigungen jederzeit zu widerrufen, jegliche Nutzung muss daraufhin sofort eingestellt werden.<\/p>\n<p><strong>Haftungsausschluss (Disclaimer)<br \/>\n<\/strong><br \/>\n<strong>Gew\u00e4hrleistung, Haftungsausschluss<\/strong><br \/>\nAlle Angaben erfolgen ohne Gew\u00e4hr. Insbesondere gibt es keine Gew\u00e4hr f\u00fcr Richtigkeit und Qualit\u00e4t der bereitgestellten Informationen. Eine Haftung f\u00fcr Sch\u00e4den materieller oder ideeller Art, welche durch die Nutzung oder Nichtnutzung der dargebotenen Informationen bzw. durch die Nutzung fehlerhafter, veralteter oder unvollst\u00e4ndiger Informationen verursacht wurden, ist grunds\u00e4tzlich ausgeschlossen.<\/p>\n<p><strong>Hyperlinks<\/strong><br \/>\nF\u00fcr Inhalte externer Internetseiten, die direkt oder indirekt mittels Hyperlinks \u00fcber die unter\u00a0<strong>www.mueller-bestattung.at<\/strong>\u00a0 erreichbaren Seiten aufgerufen werden k\u00f6nnen, haftet allein der Anbieter der jeweiligen externen Seiten. Zu einer Haftung des Betreibers von\u00a0<strong>www.mueller-bestattung.at<\/strong>\u00a0 kann es ausschlie\u00dflich in dem Fall kommen, da er von den Inhalten Kenntnis hat und es ihm technisch m\u00f6glich und zumutbar ist, die Nutzung im Falle rechtswidriger Inhalte zu verhindern (AT: \u00a717,ECG).<br \/>\nBei allen Links handelt es sich um anklickbare, aber unverbindliche Hinweise zu Informationszwecken auf von fremden Betreibern bereitgestellte Angebote. Daher sind weder im Text ausgeschriebene Adressen, noch anklickbare Links ein Zueigenmachen der angebotenen Inhalte. Zum Zeitpunkt der Linksetzung waren die entsprechenden verlinkten Seiten frei von illegalen Inhalten. Der Betreiber von\u00a0<strong>www.mueller-bestattung.at<\/strong>\u00a0 hat keinerlei Einfluss auf die aktuelle und zuk\u00fcnftige Gestaltung und auf die Inhalte der gelinkten Seiten. Deshalb distanziert er sich von Inhalten aller gelinkten Seiten, die nach der Linksetzung ver\u00e4ndert wurden.<br \/>\nDar\u00fcber hinaus besteht keine Gew\u00e4hr f\u00fcr Richtigkeit, Korrektheit, Vollst\u00e4ndigkeit, N\u00fctzlichkeit oder Verf\u00fcgbarkeit der von\u00a0<strong>www.mueller-bestattung.at\u00a0<\/strong>\u00a0aus verlinkten Seiten.<br \/><\/p>\n","protected":false},"excerpt":{"rendered":"<p>Offenlegung f\u00fcr Bestattung Mag. Martin M&uuml;ller\u00a0gem\u00e4\u00df \u00a7 25 Mediengesetz Verantwortliche &amp; Ansprechpersonen Mag. Martin M\u00fcller Bestattung und mehr Mag. M\u00dcLLER A-6020 Innsbruck, Amraser Stra\u00dfe 99 Tel.: +43 &#8211; (0)512 &#8211; 56 30 52 Fax: +43 &#8211; (0)512 &#8211; 219 1000 09 Kontaktformular Technik Mag. Martin M\u00fcller A-6020 Innsbruck, Amraser Stra\u00dfe 99 mueller@bestattungundmehr.at +43 &#8211; (0)512 &hellip; <a href=\"https:\/\/mueller-bestattung.at\/index.php\/impressum\/\" class=\"more-link\"><span class=\"screen-reader-text\">Impressum<\/span> weiterlesen<\/a><\/p>\n","protected":false},"author":2,"featured_media":0,"parent":0,"menu_order":0,"comment_status":"closed","ping_status":"closed","template":"","meta":{"footnotes":""},"class_list":["post-240","page","type-page","status-publish","hentry"],"_links":{"self":[{"href":"https:\/\/mueller-bestattung.at\/index.php\/wp-json\/wp\/v2\/pages\/240","targetHints":{"allow":["GET"]}}],"collection":[{"href":"https:\/\/mueller-bestattung.at\/index.php\/wp-json\/wp\/v2\/pages"}],"about":[{"href":"https:\/\/mueller-bestattung.at\/index.php\/wp-json\/wp\/v2\/types\/page"}],"author":[{"embeddable":true,"href":"https:\/\/mueller-bestattung.at\/index.php\/wp-json\/wp\/v2\/users\/2"}],"replies":[{"embeddable":true,"href":"https:\/\/mueller-bestattung.at\/index.php\/wp-json\/wp\/v2\/comments?post=240"}],"version-history":[{"count":0,"href":"https:\/\/mueller-bestattung.at\/index.php\/wp-json\/wp\/v2\/pages\/240\/revisions"}],"wp:attachment":[{"href":"https:\/\/mueller-bestattung.at\/index.php\/wp-json\/wp\/v2\/media?parent=240"}],"curies":[{"name":"wp","href":"https:\/\/api.w.org\/{rel}","templated":true}]}}