{"id":65,"date":"2018-03-08T10:23:01","date_gmt":"2018-03-08T10:23:01","guid":{"rendered":"https:\/\/mueller-bestattung.at\/?page_id=65"},"modified":"2026-02-16T14:40:46","modified_gmt":"2026-02-16T14:40:46","slug":"organisation-ihres-trauerfalles","status":"publish","type":"page","link":"https:\/\/mueller-bestattung.at\/index.php\/organisation-ihres-trauerfalles\/","title":{"rendered":"Organisation"},"content":{"rendered":"<audio class=\"wp-audio-shortcode\" id=\"audio-65-1\" preload=\"none\" style=\"width: 100%;\" controls=\"controls\"><source type=\"audio\/mpeg\" src=\"https:\/\/platzer-bestattung.at\/voices\/organisation.mp3?_=1\" \/><a href=\"https:\/\/platzer-bestattung.at\/voices\/organisation.mp3\">https:\/\/platzer-bestattung.at\/voices\/organisation.mp3<\/a><\/audio>\n<div align=\"justify\">Der Tod eines nahen Angeh\u00f6rigen ist ein schwieriges und unter Umst\u00e4nden auch traumatisches Ereignis im Leben eines jeden Menschen. Die vielen notwendigen Ma\u00dfnahmen, die zeitnah aufeinander abgestimmt werden m\u00fcssen, sind f\u00fcr Betroffene verwirrend und bedeuten zus\u00e4tzliche Belastungen f\u00fcr Menschen, die ohnehin in einem Ausnahmezustand sind.<\/p>\n<p><b>Aber daf\u00fcr gibt es ja uns!<\/b><\/p>\n<p>Wir k\u00fcmmern uns nicht nur um die Organisation der Trauerfeierlichkeiten, den Trauerdruck und die Beisetzung, sondern erledigen f\u00fcr Sie auch Amtswege und beraten Sie in allen Belangen rund um den Tod eines Menschen.<br \/>\nAm Beginn steht nat\u00fcrlich das pers\u00f6nliche Gespr\u00e4ch, entweder bei uns im B\u00fcro, gerne aber auch bei Ihnen zu Hause. Wir bitten Sie &#8211; wenn m\u00f6glich &#8211; um eine vorherige telefonische Terminvereinbarung. Dann k\u00f6nnen wir f\u00fcr einen vom Tagesgesch\u00e4ft ungest\u00f6rten Rahmen sorgen. Selbstverst\u00e4ndlich stehen wir auch au\u00dferhalb unserer Gesch\u00e4ftszeiten und am Wochenende zu Ihrer Verf\u00fcgung.<\/p>\n<p>Folgende T\u00e4tigkeiten z\u00e4hlen zu unserem Aufgabengebiet:<\/p>\n<ul class=\"no_bullet\">\n<li class=\"butterfly\">Abholung des Verstorbenen vom Sterbeort<\/li>\n<\/ul>\n<ul class=\"no_bullet\">\n<li class=\"butterfly\">Ankleiden und Einbetten des Verstorbenen<\/li>\n<\/ul>\n<ul class=\"no_bullet\">\n<li class=\"butterfly\">Organisation von \u00dcberf\u00fchrungen &#8211; weltweit<\/li>\n<\/ul>\n<ul class=\"no_bullet\">\n<li class=\"butterfly\">Todesfallmeldung und Beurkundung am Standesamt<\/li>\n<\/ul>\n<ul class=\"no_bullet\">\n<li class=\"butterfly\">Kontakt mit den Gesundheits\u00e4mtern und Krematorien<\/li>\n<\/ul>\n<ul class=\"no_bullet\">\n<li class=\"butterfly\">Organisation der Trauerfeier<\/li>\n<\/ul>\n<ul class=\"no_bullet\">\n<li class=\"butterfly\">Terminvereinbarung mit den jeweiligen Friedh\u00f6fen und Pfarr\u00e4mtern<\/li>\n<\/ul>\n<ul class=\"no_bullet\">\n<li class=\"butterfly\">Vermittlung von musikalischen Leistungen<\/li>\n<\/ul>\n<ul class=\"no_bullet\">\n<li class=\"butterfly\">Entwurf der Trauerdrucksorten (Parten, Trauerbilder, Dankkarten)<\/li>\n<\/ul>\n<ul class=\"no_bullet\">\n<li class=\"butterfly\">Vermittlung von Todesanzeigen und Danksagungen f\u00fcr die Tageszeitung<\/li>\n<\/ul>\n<ul class=\"no_bullet\">\n<li class=\"butterfly\">Betreuung im Internet auf der <a title=\"Partenplattform\" href=\"http:\/\/www.trauerhilfe.at\/\" target=\"_blank\" rel=\"noopener noreferrer\">Partenplattform<\/a> der <b>Trauer<span style=\"color: ea690a;\">Hilfe<\/span><\/b><\/li>\n<\/ul>\n<ul class=\"no_bullet\">\n<li class=\"butterfly\">Dekoration der Aufbahrungshalle, Aufbahrung des Verstorbenen<\/li>\n<\/ul>\n<ul class=\"no_bullet\">\n<li class=\"butterfly\">Vermittlung von Blumenspenden<\/li>\n<\/ul>\n<ul class=\"no_bullet\">\n<li class=\"butterfly\">Kooperation mit dem&nbsp;<a title=\"Wiener Verein\" href=\"http:\/\/www.wienerverein.at\/\" target=\"_blank\" rel=\"noopener noreferrer\">Wiener Verein<\/a><\/li>\n<\/ul>\n<ul class=\"no_bullet\">\n<li class=\"butterfly\"><a title=\"Bestattungsvorsorge\" href=\"index.php\/vorsorge\/\" target=\"_blank\" rel=\"noopener noreferrer\">Bestattungsvorsorge<\/a><\/li>\n<\/ul>\n<p>&nbsp;<br \/>\nWir f\u00fchren nicht umsonst den Zusatz <span style=\"color: #ea690a;\"><b>Bestattung<\/b>und<b>mehr<\/b><\/span>&lt; in unserem Namen. Wir bieten auch Dinge an, die Sie bei anderen Bestattern vergeblich suchen werden. Dazu z\u00e4hlen:<\/p>\n<ul class=\"no_bullet\">\n<li class=\"butterfly\"><a title=\"Thanatopraxie\" href=\"index.php\/thanatopraxie\" target=\"_self\" rel=\"noopener noreferrer\">Moderne Verstorbenenversorgung (Thanatopraxie)<\/a><\/li>\n<\/ul>\n<ul class=\"no_bullet\">\n<li class=\"butterfly\"><a title=\"Abschied nehmen\" href=\"index.php\/abschied-nehmen\/\" target=\"_self\" rel=\"noopener noreferrer\">Abschiednahme am offenen Sarg in unseren R\u00e4umlichkeiten<\/a><\/li>\n<\/ul>\n<ul class=\"no_bullet\">\n<li class=\"butterfly\"><a href=\"index.php\/abschied-nehmen\/\">Begleitung von Kindern und Erwachsenen beim Abschiednehmen<\/a><\/li>\n<\/ul>\n<ul class=\"no_bullet\">\n<li class=\"butterfly\">Trauerreden<\/li>\n<\/ul>\n<ul class=\"no_bullet\">\n<li class=\"butterfly\"><a title=\"Individuelle Gestaltung von Trauerfeiern und Trauerritualen\" href=\"index.php\/individuelle-feiern-und-rituale\/\" target=\"_self\" rel=\"noopener noreferrer\">Individuelle Gestaltung von Trauerfeiern und Trauerritualen<\/a><\/li>\n<\/ul>\n<ul class=\"no_bullet\">\n<li class=\"butterfly\">Trauerberatung und weiterf\u00fchrende Trauerbegleitung<\/li>\n<\/ul>\n<\/div>\n","protected":false},"excerpt":{"rendered":"<p>Der Tod eines nahen Angeh\u00f6rigen ist ein schwieriges und unter Umst\u00e4nden auch traumatisches Ereignis im Leben eines jeden Menschen. Die vielen notwendigen Ma\u00dfnahmen, die zeitnah aufeinander abgestimmt werden m\u00fcssen, sind f\u00fcr Betroffene verwirrend und bedeuten zus\u00e4tzliche Belastungen f\u00fcr Menschen, die ohnehin in einem Ausnahmezustand sind. Aber daf\u00fcr gibt es ja uns! Wir k\u00fcmmern uns nicht &hellip; <a href=\"https:\/\/mueller-bestattung.at\/index.php\/organisation-ihres-trauerfalles\/\" class=\"more-link\"><span class=\"screen-reader-text\">Organisation<\/span> weiterlesen<\/a><\/p>\n","protected":false},"author":2,"featured_media":0,"parent":0,"menu_order":0,"comment_status":"closed","ping_status":"closed","template":"","meta":{"footnotes":""},"class_list":["post-65","page","type-page","status-publish","hentry"],"_links":{"self":[{"href":"https:\/\/mueller-bestattung.at\/index.php\/wp-json\/wp\/v2\/pages\/65","targetHints":{"allow":["GET"]}}],"collection":[{"href":"https:\/\/mueller-bestattung.at\/index.php\/wp-json\/wp\/v2\/pages"}],"about":[{"href":"https:\/\/mueller-bestattung.at\/index.php\/wp-json\/wp\/v2\/types\/page"}],"author":[{"embeddable":true,"href":"https:\/\/mueller-bestattung.at\/index.php\/wp-json\/wp\/v2\/users\/2"}],"replies":[{"embeddable":true,"href":"https:\/\/mueller-bestattung.at\/index.php\/wp-json\/wp\/v2\/comments?post=65"}],"version-history":[{"count":0,"href":"https:\/\/mueller-bestattung.at\/index.php\/wp-json\/wp\/v2\/pages\/65\/revisions"}],"wp:attachment":[{"href":"https:\/\/mueller-bestattung.at\/index.php\/wp-json\/wp\/v2\/media?parent=65"}],"curies":[{"name":"wp","href":"https:\/\/api.w.org\/{rel}","templated":true}]}}